{"id":224,"date":"2019-11-21T19:52:46","date_gmt":"2019-11-21T19:52:46","guid":{"rendered":"http:\/\/lkw-oldtimer.de\/?page_id=224"},"modified":"2026-04-08T08:34:46","modified_gmt":"2026-04-08T07:34:46","slug":"home","status":"publish","type":"page","link":"https:\/\/lkw-oldtimer.de\/","title":{"rendered":"Home"},"content":{"rendered":"\n<h2 class=\"wp-block-heading has-text-align-center\">Herzlich willkommen bei der Interessengemeinschaft S\u00fcddeutsche LKW-Veteranen-Freunde<\/h2>\n\n\n\n<h2 class=\"wp-block-heading\"><\/h2>\n\n\n\n<p class=\"has-text-align-center\" style=\"font-size:42px\"><strong>Social Media &#8211; NEWS<\/strong><\/p>\n\n\n\n<h3 align=center>Aktuelle Facebook-Beitr\u00e4ge<\/h3>\n<div class=\"fb-feed-wrap\">\n  <div id=\"fb-root\"><\/div>\n\n  <div class=\"fb-page\"\n    data-href=\"https:\/\/www.facebook.com\/IGLKW\/\"\n    data-tabs=\"timeline\"\n    data-width=\"500\"\n    data-height=\"700\"\n    data-hide-cover=\"false\"\n    data-show-facepile=\"false\"\n    data-adapt-container-width=\"true\">\n    <blockquote cite=\"https:\/\/www.facebook.com\/IGLKW\/\" class=\"fb-xfbml-parse-ignore\">\n      <a href=\"https:\/\/www.facebook.com\/IGLKW\/\">Facebook-Seite ansehen<\/a>\n    <\/blockquote>\n  <\/div>\n<\/div>\n\n<style>\n.fb-feed-wrap {\n  width: 100%;\n  max-width: 500px;\n  margin: 0 auto;\n}\n<\/style>\n\n\n\n<p class=\"has-text-align-center has-medium-font-size\">\u00c4ltere Facebook Posts finden Sie direkt auf unserer facebook Seite<\/p>\n\n\n\n<div class=\"wp-block-buttons is-content-justification-center is-layout-flex wp-container-core-buttons-is-layout-16018d1d wp-block-buttons-is-layout-flex\">\n<div class=\"wp-block-button\"><a class=\"wp-block-button__link has-text-align-center wp-element-button\" href=\"https:\/\/www.facebook.com\/IGLKW\/\" target=\"_blank\" rel=\"noreferrer noopener\">Zur facebook Seite<\/a><\/div>\n<\/div>\n\n\n\n<p><\/p>\n","protected":false},"excerpt":{"rendered":"<p>Herzlich willkommen bei der Interessengemeinschaft S\u00fcddeutsche LKW-Veteranen-Freunde Social Media &#8211; NEWS Aktuelle Facebook-Beitr\u00e4ge Facebook-Seite ansehen \u00c4ltere Facebook Posts finden Sie direkt auf unserer facebook Seite<\/p>\n","protected":false},"author":2,"featured_media":0,"parent":0,"menu_order":0,"comment_status":"closed","ping_status":"closed","template":"template-blank-1.php","meta":{"rs_blank_template":"","rs_page_bg_color":"","slide_template_v7":"","footnotes":""},"class_list":["post-224","page","type-page","status-publish","hentry","no-post-thumbnail"],"_links":{"self":[{"href":"https:\/\/lkw-oldtimer.de\/wp-json\/wp\/v2\/pages\/224","targetHints":{"allow":["GET"]}}],"collection":[{"href":"https:\/\/lkw-oldtimer.de\/wp-json\/wp\/v2\/pages"}],"about":[{"href":"https:\/\/lkw-oldtimer.de\/wp-json\/wp\/v2\/types\/page"}],"author":[{"embeddable":true,"href":"https:\/\/lkw-oldtimer.de\/wp-json\/wp\/v2\/users\/2"}],"replies":[{"embeddable":true,"href":"https:\/\/lkw-oldtimer.de\/wp-json\/wp\/v2\/comments?post=224"}],"version-history":[{"count":38,"href":"https:\/\/lkw-oldtimer.de\/wp-json\/wp\/v2\/pages\/224\/revisions"}],"predecessor-version":[{"id":555,"href":"https:\/\/lkw-oldtimer.de\/wp-json\/wp\/v2\/pages\/224\/revisions\/555"}],"wp:attachment":[{"href":"https:\/\/lkw-oldtimer.de\/wp-json\/wp\/v2\/media?parent=224"}],"curies":[{"name":"wp","href":"https:\/\/api.w.org\/{rel}","templated":true}]}}